- 2. Let p = 1 + 4. Give f(p).
8
Let o(i) be the second derivative of i**5/10 + i**4/4 - i**2/2 + 2*i. Suppose 3 - 5 = t. Calculate o(t).
-5
Let r(o) = o + 2. Let b(t) = -2*t - 5. Let u(x) = -2*b(x) - 5*r(x). Determine u(-6).
6
Let t(u) = 2*u + 4. Let o = 15 + -18. Determine t(o).
-2
Let u(c) be the third derivative of c**6/120 + c**5/10 + c**4/12 - 23*c**2. Give u(-6).
-12
Let w(l) = -3 - 1 + 4*l - 7*l. Let x(n) = 2*n. Let a be x(-2). Determine w(a).
8
Let z be ((-6)/(-4))/(6/8). Let k be (-1)/(-4) + z/(-8). Let s(g) be the first derivative of -g**2/2 - g - 18. Determine s(k).
-1
Let x(q) be the first derivative of -q**3/3 - 7*q**2/2 - 13. Let j = -3 + -3. Determine x(j).
6
Let p(y) = -9*y**3 + y**2 + 2*y + 1. Suppose 0 = -8*u + 3*u. Let q be ((-1)/(-2)*u)/(-1). Suppose -3*k + z + 1 = -q, k - 11 = 3*z. Give p(k).
9
Let t(z) = -4*z**2 + 3*z**2 + 5*z**2. Determine t(1).
4
Let c(x) = -2*x + 9. Let n be c(3). Let w(g) = g**2 - 4. Give w(n).
5
Let y(i) be the third derivative of i**7/140 - i**5/120 - i**4/24 - i**3/3 - 3*i**2. Let d(n) be the first derivative of y(n). Give d(-1).
-6
Suppose -5*c + 10 = -5. Suppose 8*s - 4*a = 3*s - 11, 5*s + 18 = -c*a. Let d(j) = -2*j - j - 3*j - j**2 + 3*j - 4. Give d(s).
-4
Let d(i) be the second derivative of i**3/6 + 2*i**2 - 4*i. Suppose 0 = m - 3*m + 18. Suppose 0 = -5*q - 5, o + 4*q - q + m = 0. Determine d(o).
-2
Let n(r) = -2*r**2 - 7*r - 4. Suppose 3*c = 2*v + 12, 5*c - v - 20 = -0*v. Suppose -m = -c*q - q + 14, 4*q = 5*m + 28. Determine n(m).
-8
Suppose -f - 2 = -3. Suppose v = 5 - f. Suppose -r - v*d - 23 = 0, -2*r - 5*d = 14 + 17. Let q(c) = -3*c - 4. Determine q(r).
5
Let z(l) = l**3 - l**2 - 1. Let p(m) = -3*m**3 + 7*m**2 - 3*m + 6. Let j(h) = -p(h) - 4*z(h). Determine j(-4).
2
Let x be (-2)/(-3) + 4/(-6). Let i be (x - 0) + 8 - -2. Let q = 15 - i. Let d(k) = -2*k + 4. Determine d(q).
-6
Let q(m) = -6*m + 15. Let t(d) = 7*d - 15. Let y(r) = 6*q(r) + 5*t(r). What is y(0)?
15
Let w(h) = -4 - 2 - 4 + 3 + 6*h**2 - h**3 - 4*h. Let k be 4/1 + 5/5. Calculate w(k).
-2
Let d(v) = -2*v + 47. Let y be d(19). Let i(m) = m**3 - 8*m**2 - 10*m + 8. What is i(y)?
-1
Let o(w) = -w**3 - w**2 - 73 + 76 + 7*w + 7*w**2 + 0*w**2. What is o(7)?
3
Let o(y) be the third derivative of -1/120*y**6 + 1/24*y**4 + 0 + 0*y - y**3 + 8*y**2 - 1/60*y**5. Calculate o(0).
-6
Let u be 2/4 + 14/4. Suppose -2*c = -m - 8, -2*c + 0*c = -2*m - u. Suppose n - c*n = 10. Let o(k) = -5*k. Calculate o(n).
10
Let s(n) = -1 + 7*n**2 + 2*n**2 - 4*n**2 - 2*n - n**3. What is s(3)?
11
Let v(r) = -11*r**3. Let a(j) = j + 5. Let f be a(-6). Determine v(f).
11
Suppose 2*m - 16 = -6. Let p(y) = -y. Let z(x) = 3*x - 1. Let t(d) = 4*p(d) + z(d). Calculate t(m).
-6
Let z = -20 + 14. Let q(m) = -m**3 - 6*m**2 - m - 7. Determine q(z).
-1
Let w(r) = r + 6. Suppose 0 = z + 3 + 6. Determine w(z).
-3
Let g(f) = -4*f + 5. Let s(m) = 9*m - 10. Suppose -5*u = -t - 15, -5*t = -0*u + u - 3. Let y(j) = u*s(j) + 7*g(j). Calculate y(4).
1
Suppose 2*n = 3*j + 5, -5*j - n + 4 = -5. Let l(q) = 9*q - 3*q**2 + 4*q**2 - 10 - j + 0. Let k be l(-10). Let z(p) = -6*p**2 - 2*p - 1. Give z(k).
-5
Let r(i) = -18*i**2 + 5*i. Let g(w) = 9*w**2 - 3*w. Let h(n) = 7*g(n) + 4*r(n). Let q = 3 + -2. Suppose l + 2 = q. Give h(l).
-8
Let w(u) = u**2 - 4*u. Let p be ((-1)/(-2) - 0)*24. Let l = 20 + -35. Let q be ((-5)/(l/p))/2. What is w(q)?
-4
Suppose 0 = 3*a + 3*q + 21, -4*a + 7*q - 2*q = 10. Let x(n) = -2*n - 6. Determine x(a).
4
Let g(u) = 0 - 6*u**2 - 2 - 4 + u**3 + 8*u. Let a(s) = -6*s - 1. Suppose r - 4*r = 3. Let q be a(r). Calculate g(q).
9
Let t(n) = -n - 2. Let j be 539/(-98) - (6/(-4) + 1). What is t(j)?
3
Let h(p) = -1. Let n(x) = x - 3. Let i(o) = -3*h(o) + n(o). Let u(c) = 7*c + 7. Let f(w) = -6*i(w) + u(w). Calculate f(0).
7
Let o(w) = w + 11. Let t(p) = p**2 + 1. Suppose 2*b - 6 = -0*b. Let y(f) = 2*f**2 + 6*f + 9. Let n(a) = b*t(a) - y(a). Let i be n(6). Determine o(i).
5
Let g(p) = p. Let r(q) = 2*q - 3. Let b(c) = 3*g(c) - r(c). Suppose 4 = -5*z - 16. Let s = z - -9. Determine b(s).
8
Let o be (0 - 1)*1*1. Let n be 1/((-3)/6*o). Let v(z) = z**3 - z**2 - 2*z + 3. What is v(n)?
3
Let l(z) = -z**3 + 5*z**2 - z + 7. Let p be l(5). Let d(x) = 10*x**2 - 9*x**2 + 0 - p - 6*x. What is d(5)?
-7
Suppose 3*v = 4*v. Suppose u - 2 + v = 0. Let j(i) = -i**2 + i - 1. Determine j(u).
-3
Let q = -6 + 9. Let v(z) = 4*z - 3*z - 3 + q. Calculate v(-4).
-4
Let p be 7/(-14)*(-3 - 1). Suppose -p*s = -5*s + 18. Let v(x) = x**3 - 7*x**2 + 6*x - 3. Determine v(s).
-3
Let n(s) be the second derivative of 4*s + 2*s**2 - 1/20*s**5 + 0 - 5/6*s**3 - 5/12*s**4. What is n(-4)?
8
Let p be 4/(-3)*3/2. Let g(r) = 2*r**2 + r - 1. Determine g(p).
5
Let y(l) = -l**3 + 6*l**2 + l - 1. Let o(a) = a**2 + 4*a - 5. Let p be o(-6). Suppose -c - p = -2*x, 0*c + 2*c = 10. Calculate y(x).
5
Suppose -2*q = -q. Suppose -4*d - 14 + 6 = 4*f, q = 5*d + f - 2. Let z(b) = d - b + 0 + 3. What is z(6)?
-2
Let l be 0*(8/(-40) - (-9)/(-30)). Let r(a) be the third derivative of 1/10*a**5 + 0*a**4 + 0 - 2*a**2 + 0*a + l*a**3. Determine r(-1).
6
Let p = -8 - -11. Let o(j) = -j**2 + 2*j + 3. Determine o(p).
0
Let h(x) = 7*x**3 - 6*x**2 + 9. Let t(c) = 15*c**3 - 13*c**2 + 17. Let j(v) = -13*h(v) + 6*t(v). Give j(0).
-15
Suppose 3*c = -u + 2*u + 10, 0 = 3*u + 3*c + 6. Let h(m) = -9*m**2 + 3*m + 4*m**2 + m**3 + 7*m**2 + 2 + 3*m**2. Give h(u).
6
Let b(f) = -2*f**2 - 2*f + 4. Suppose 0 = 5*j + p - 2*p - 68, 3*p - 30 = -3*j. Let w = j - 16. What is b(w)?
-8
Suppose 0 = -4*y + w + 44, 4*y - 4*w = -7*w + 60. Let l(k) = -k + 10. Let j be l(y). Let m(g) = g**2 + g - 2. Give m(j).
0
Let p(l) = -l**3 - 9*l**2 - 10*l - 10. Let f be p(-8). Let c(s) = -6*s + 16*s**2 + 0*s**3 + 0 - s**3 - 9*s**2 + 6. Give c(f).
6
Let s(a) = 2*a**2 - 2*a + 3. Suppose 2*p - 2 = 2*x + 4, 5*x + 4*p - 30 = 0. Determine s(x).
7
Let p(b) be the third derivative of b**4/6 - 5*b**3/3 + 5*b**2. Let m(l) = l - 1. Let x(j) = -6*m(j) + p(j). Calculate x(-6).
8
Suppose 64*g - 67*g + 24 = 0. Let d(k) = -k**3 + 9*k**2 - 7*k + 1. Give d(g).
9
Let k(c) = c**3 - c**2 - c + 7. Suppose -4*a = -3*i, -4*i = -5*a - i. Determine k(a).
7
Suppose 5*n = 2 + 8, -n = -2*x - 26. Let p = x + 7. Let f(k) = -7*k**2 - 13*k + 2. Let a(y) = -6*y**2 - 12*y + 1. Let s(w) = -6*a(w) + 5*f(w). Calculate s(p).
-6
Let r(n) = 5 - 3*n**2 + 4*n**2 + 2*n**2 + 6*n - n**3 + n**2. Determine r(5).
10
Let s(x) = -x**3 - 2*x**2 - x + 4. Let u be s(0). Let w(d) be the second derivative of 4*d + 1/2*d**2 + 1/20*d**5 + 0 + 1/6*d**3 + 1/12*d**u. Give w(-2).
-5
Let q(m) = m**2 + 3*m + 1. Let s(r) = -2*r**2 + 1 + 2*r + 2*r**2 + r**2. Let b(x) = -3*q(x) + 4*s(x). Suppose o = -n + 3, -7*n + o - 3 = -2*n. Calculate b(n).
1
Suppose 20 = 10*d - 6*d. Let f(h) = -h**2 + 5*h + 2. Determine f(d).
2
Let f(w) = w**3 + 6*w**2 + 6*w - 4. Let m be f(-5). Let q = m - -7. Let b(z) = z. Give b(q).
-2
Let t(s) = -s**2 + 12*s - 13. Let x(a) = a + 38. Let r be x(-27). Determine t(r).
-2
Let x(h) = h + 1. Let i(g) = g**2 + 6*g. Let l be i(-6). Suppose l = -2*o - 6 - 4. Calculate x(o).
-4
Let p be 1/(10/(-4) - -3). Let y(r) = 2*r + p*r**2 + 1 - 3*r**2 + 5*r - r. Calculate y(5).
6
Let h(i) = 3*i + 10. Let b(q) = -7*q - 20. Let w(p) = -2*b(p) - 5*h(p). Give w(-5).
-5
Let o(x) = x. Suppose 0 = -3*v + 5*v + 12. Let f = 9 + v. Suppose 3 = -f*b - 3*c, 0 = 3*b + 3*c - 7*c - 4. Give o(b).
0
Let s be -3*(-2)/12*0. Let l(w) = -w + 1. Let j(q) = -5*q + 15. Let t(a) = j(a) - 4*l(a). Calculate t(s).
11
Let b = 3 - 1. Let c(d) = 3*d**2 - 4*d + 2. Let y be c(2). Let r(u) = 4*u**2 + y - 3*u**b - 6*u - 2. Calculate r(5).
-1
Let i(r) = -r**2 + 3*r + 3*r - 2*r + 3. Let g be (2/(-3))/(2/(-39)). Let m = g - 9. What is i(m)?
3
Let q(j) be the third derivative of -1/15*j**5 + 1/120*j**6 + 0*j - 2*j**2 - 1/3*j**3 + 1/6*j**4 + 0. What is q(2)?
-2
Suppose -l = -5, 20 = -w + 2*l - 0. Let t = w + 14. Let a(y) be the second derivative of y**4/12 - 2*y**3/3 + y. Calculate a(t).
0
Suppose 3*r + 44 = 4*b + 12, -2*r + 3*b = 23. Let g = 7 + r. Let f(m) = -m**3 + 3*m**2 - 3*m + 1. What is f(g)?
-8
Let j(s) = -s**3 + s. Let y be -1 - (3/3 + -2). Suppose 7*f - 8*f - 2 = y. Give j(f).
6
Let t(d) = -5*d**2 - d - 2. Let z(x) = -9*x**2 - 3*x - 3. Let l(a) = -5*t(a) + 3*z(a). Let y be 